List the prime factors of 39813250.
2, 5, 71, 2243
What are the prime factors of 932304046?
2, 19, 367, 66851
What are the prime factors of 725840377?
725840377
List the prime factors of 15018837.
3, 17, 181, 1627
What are the prime factors of 616745992?
2, 17, 31, 241, 607
List the prime factors of 132795949.
11, 13, 928643
What are the prime factors of 914983490?
2, 5, 67, 509, 2683
List the prime factors of 102796925.
5, 7, 11, 53401
What are the prime factors of 33372612?
2, 3, 7, 13, 61, 167
What are the prime factors of 519734635?
5, 7, 89, 166849
What are the prime factors of 570973807?
19, 73, 211, 1951
List the prime factors of 60337284.
2, 3, 7, 17, 29, 31, 47
What are the prime factors of 24488453?
11, 179, 12437
What are the prime factors of 1353373512?
2, 3, 229, 246247
What are the prime factors of 23359978?
2, 11679989
What are the prime factors of 461932377?
3, 153977459
What are the prime factors of 120587608?
2, 1009, 14939
List the prime factors of 785435547.
3, 13, 17, 19, 62351
What are the prime factors of 282940837?
19, 14891623
What are the prime factors of 226703331?
3, 2357, 10687
List the prime factors of 2613646282.
2, 13, 67, 1500371
List the prime factors of 6249326576.
2, 139, 443, 6343
What are the prime factors of 1144262879?
1144262879
What are the prime factors of 68407826?
2, 34203913
List the prime factors of 2600596786.
2, 1300298393
List the prime factors of 161350528.
2, 1260551
List the prime factors of 9304057.
7, 37, 35923
What are the prime factors of 146982418?
2, 11, 6681019
What are the prime factors of 2783983873?
11, 19, 43, 309779
List the prime factors of 45440203.
23, 31, 101, 631
List the prime factors of 43440981.
3, 743, 19489
List the prime factors of 6817272310.
2, 5, 31, 577, 38113
List the prime factors of 16175121.
3, 73, 73859
What are the prime factors of 1888377946?
2, 7, 13, 798131
What are the prime factors of 488966275?
5, 7, 2794093
List the prime factors of 70627950.
2, 3, 5, 5813
What are the prime factors of 63607492?
2, 13, 43, 28447
What are the prime factors of 137852556?
2, 3, 59, 194707
List the prime factors of 94199758.
2, 19, 79, 31379
List the prime factors of 78076364.
2, 37, 641, 823
List the prime factors of 163236595.
5, 251, 130069
List the prime factors of 48287630.
2, 5, 4828763
What are the prime factors of 3971289403?
17, 233605259
What are the prime factors of 259814924?
2, 64953731
List the prime factors of 102383936.
2, 137, 11677
List the prime factors of 1240138022.
2, 577, 1074643
What are the prime factors of 1069740743?
1069740743
What are the prime factors of 70403368?
2, 7, 23, 47, 1163
List the prime factors of 276722219.
276722219
List the prime factors of 6694574.
2, 19, 31, 5683
What are the prime factors of 53492076?
2, 3, 11, 5003
What are the prime factors of 49101256?
2, 1181, 5197
List the prime factors of 43500806.
2, 21750403
List the prime factors of 15452252.
2, 17, 13367
What are the prime factors of 1562916922?
2, 7, 111636923
What are the prime factors of 93369455?
5, 89, 209819
List the prime factors of 2021935929.
3, 13, 37, 1401203
What are the prime factors of 31473755?
5, 6294751
List the prime factors of 1948655274.
2, 3, 1451, 223829
What are the prime factors of 2440350101?
7, 19, 31, 591887
List the prime factors of 336002544.
2, 3, 41, 56911
What are the prime factors of 223931250?
2, 3, 5, 1327
What are the prime factors of 153970787?
677, 227431
List the prime factors of 3612662126.
2, 1806331063
What are the prime factors of 26724666?
2, 3, 23, 31, 6247
What are the prime factors of 241671089?
11, 19, 60859
What are the prime factors of 26361913?
173, 152381
List the prime factors of 282987370.
2, 5, 28298737
What are the prime factors of 75827147?
11, 31, 222367
List the prime factors of 67193301.
3, 7, 41, 78041
List the prime factors of 20199690.
2, 3, 5, 7, 32063
What are the prime factors of 808022295?
3, 5, 353, 50867
What are the prime factors of 304649738?
2, 61, 2497129
What are the prime factors of 1917105907?
67, 113, 313, 809
What are the prime factors of 31926496?
2, 7, 142529
What are the prime factors of 833528422?
2, 439, 443, 2143
What are the prime factors of 838539047?
838539047
What are the prime factors of 532089393?
3, 11, 1013, 1447
List the prime factors of 6630763703.
197, 33658699
List the prime factors of 3626578337.
23, 157677319
What are the prime factors of 57340432?
2, 3583777
List the prime factors of 24922092.
2, 3, 13, 12289
What are the prime factors of 23272906?
2, 29, 149, 2693
What are the prime factors of 250220135?
5, 11, 413587
What are the prime factors of 8196097592?
2, 151, 6784849
What are the prime factors of 409542437?
29, 373, 37861
List the prime factors of 153294853.
153294853
List the prime factors of 145759971.
3, 7, 6940951
What are the prime factors of 172488714?
2, 3, 139, 206821
What are the prime factors of 179147927?
7, 25592561
What are the prime factors of 177803133?
3, 23, 2576857
What are the prime factors of 2486301489?
3, 7, 39465103
List the prime factors of 18800398.
2, 9400199
What are the prime factors of 83877360?
2, 3, 5, 7, 49927
What are the prime factors of 439376700?
2, 3, 5, 7, 209227
What are the prime factors of 93849800?
2, 5, 11, 29, 1471
What are the prime factors of 1716682819?
73, 89, 131, 2017
List the prime factors of 5007458919.
3, 17, 43, 193, 11831
List the prime factors of 1497823856.
2, 93613991
List the prime factors of 11838256.
2, 17, 71, 613
What are the prime factors of 342269581?
342269581
List the prime factors of 2354003156.
2, 18181, 32369
List the prime factors of 37492187.
19, 761, 2593
What are the prime factors of 24715342?
2, 307, 40253
List the prime factors of 61758213.
3, 11, 1871461
What are the prime factors of 214237923?
3, 71412641
What are the prime factors of 68181349?
29, 47, 50023
List the prime factors of 1935391851.
3, 19, 11318081
What are the prime factors of 416880035?
5, 11, 13, 17, 34297
What are the prime factors of 79865238?
2, 3, 31, 523, 821
What are the prime factors of 166280311?
31, 313, 17137
List the prime factors of 805879923.
3, 73, 3679817
List the prime factors of 2570479303.
7, 47, 7813007
List the prime factors of 606900297.
3, 53, 1223, 3121
What are the prime factors of 2387728?
2, 7, 21319
What are the prime factors of 53923593?
3, 17974531
What are the prime factors of 173656632?
2, 3, 17, 25037
List the prime factors of 2814080389.
83, 33904583
What are the prime factors of 20804487?
3, 11, 19, 33181
List the prime factors of 2979268329.
3, 993089443
What are the prime factors of 208679103?
3, 23186567
List the prime factors of 124528566.
2, 3, 20754761
What are the prime factors of 681489816?
2, 3, 7, 23, 176369
What are the prime factors of 1047356693?
109, 347, 27691
List the prime factors of 2915668838.
2, 397, 3672127
What are the prime factors of 305863101?
3, 71, 159553
What are the prime factors of 1066437676?
2, 17, 2083, 7529
What are the prime factors of 3573224681?
13, 274863437
What are the prime factors of 96490582?
2, 1307, 36913
List the prime factors of 1663499709.
3, 1213, 152377
List the prime factors of 267612900.
2, 3, 5, 53, 16831
What are the prime factors of 121453886?
2, 353, 172031
List the prime factors of 559254843.
3, 7, 8877061
List the prime factors of 1100616.
2, 3, 11, 379
What are the prime factors of 51698329?
29, 239, 7459
List the prime factors of 396245963.
457, 867059
List the prime factors of 28103107.
4813, 5839
What are the prime factors of 238363000?
2, 5, 238363
List the prime factors of 22356592.
2, 1397287
List the prime factors of 383869623.
3, 337, 379693
List the prime factors of 431144440.
2, 5, 10778611
What are the prime factors of 537985316?
2, 11, 113, 108203
What are the prime factors of 2894441844?
2, 3, 7, 193, 178537
What are the prime factors of 481664959?
481664959
What are the prime factors of 12767355?
3, 5, 94573
List the prime factors of 49472643.
3, 11, 113, 13267
What are the prime factors of 14310725?
5, 11, 13, 4003
List the prime factors of 830581305.
3, 5, 55372087
List the prime factors of 1941888158.
2, 7, 4457, 31121
What are the prime factors of 6996466?
2, 73, 173, 277
What are the prime factors of 427